{"id":45013,"date":"2010-12-05T21:56:58","date_gmt":"2010-12-05T21:56:58","guid":{"rendered":"https:\/\/www.basquemtb.com\/boek\/"},"modified":"2024-12-08T10:31:45","modified_gmt":"2024-12-08T10:31:45","slug":"boek","status":"publish","type":"page","link":"https:\/\/www.basquemtb.com\/es\/ver\/","title":{"rendered":"Libro"},"content":{"rendered":"<h2 class=\"wp-block-heading\">Boek je mountain bike vakantie<\/h2>\n\n<div class=\"highlight-box\">\n<p class=\"large-text text-box-wide\">No tenemos ning\u00fan sistema de navegaci\u00f3n totalmente automatizado.  <span class=\"accent-color\">\u00bfPor qu\u00e9?<\/span>  Con un sistema de boletines de noticias automatizado, las personas pueden participar de la mejor manera posible en los grupos. En <span class=\"accent-color\">grupos de un mismo nivel = ventajas para todos.<\/span> <br\/><\/p>\n<\/div>\n\n<div class=\"spacer\"><\/div>\n\n<div class=\"text-box\">\n<h2 id=\"text-fullscreen\"><strong>\u00bfC\u00f3mo comprar una bicicleta de monta\u00f1a?<\/strong><\/h2>\n<p class=\"centrak\"><strong>STAP 1: <\/strong>Leer m\u00e1s <a href=\"https:\/\/www.basquemtb.com\/es\/vacaciones-en-bicicleta-de-montana\/\">vakanties mountainbike<\/a> que le ofrecemos. Descubra   <a href=\"https:\/\/www.basquemtb.com\/es\/guia-de-aptitudes-y-forma-fisica-para-las-vacaciones-en-bicicleta-de-montana\/\"><\/a><a href=\"http:\/\/%7B%7B%7Bwpml_tag_13%7D%7D%7D%7B%7B%7Bwpml_tag_14%7D%7D%7D\"><\/a><a href=\"https:\/\/www.basquemtb.com\/es\/guia-de-aptitudes-y-forma-fisica-para-las-vacaciones-en-bicicleta-de-montana\/\"><\/a>fitness- and vaardigheidsgids om te zien welke reis bij je past. Descubra <a href=\"https:\/\/www.basquemtb.com\/es\/nl\/vakantie-boekingskalender\/\">vakantiekalender <\/a>als je al data hebt gepland voor je reis.   <\/p>\n<div class=\"seperator\"><\/div>\n<p class=\"has-text-align-left text-fullscreen-list\"><strong>STAP 2: <\/strong>Als je wilt praten over een reis, <a href=\"https:\/\/www.basquemtb.com\/es\/que-incluye\/ponerse-en-contacto\/\">neem<\/a> dan <a href=\"https:\/\/www.basquemtb.com\/es\/que-incluye\/ponerse-en-contacto\/\">Contacte con nosotros<\/a>. Nos esforzamos por ofrecerle la mejor experiencia posible. <\/p>\n<div class=\"seperator\"><\/div>\n<p class=\"has-text-align-left text-fullscreen-list\"><strong>STAP 3<\/strong>: Si es usted residente, registre su inter\u00e9s en recibir un regalo a trav\u00e9s del formulario de inscripci\u00f3n. <a href=\"https:\/\/www.basquemtb.com\/es\/nl\/vakantie-boekingsformulier\/\">vakantieboekingsformulier<\/a>. Dat bevat alle je informatie en wij zullen de beschikbaarheid bevestigen.   <\/p>\n<div class=\"seperator\"><\/div>\n<p class=\"has-text-align-left text-fullscreen-list\"><strong>STAP 4:<\/strong> Si has reservado una plaza, env\u00edanos toda tu informaci\u00f3n y solicita la 25%.  <\/p>\n<div class=\"seperator\"><\/div>\n<p class=\"has-text-align-left text-fullscreen-list\"><strong>STAP 5:<\/strong> We sturen je een ontvangstbewijs van de volledige boekingsbevestiging. Daarmee ben je volgeboekt.   <\/p>\n<div class=\"seperator\"><\/div>\n<p class=\"has-text-align-left text-fullscreen-list\"><strong>STAP 6<\/strong>: Zes weken voor je reis betaal je het saldo.  <\/p>\n<div class=\"seperator\"><\/div>\n<p class=\"text-box\">De volledige <a class=\"rank-math-link\" href=\"https:\/\/www.basquemtb.com\/es\/condiciones-generales\/\">voorwaarden<\/a> est\u00e1n disponibles aqu\u00ed.  <\/p>\n<\/div>\n<div class=\"spacer\"><\/div>\n\n<div class=\"highlight-box\">\n<p class=\"large-text text-box\">Kies een reis die bij je past. M\u00e1s de <span class=\"accent-color\">60%<\/span> de nuestros gastos <span class=\"accent-color\">terugkerende bezoekers<\/span>Y si no sabe en qu\u00e9 lugar se encuentra, no se preocupe, \u00a1seguro que vuelve una y otra vez! <br\/><\/p>\n<\/div>\n\n<div class=\"spacer\"><\/div>\n\n<h2 class=\"wp-block-heading\">\u00bfEN BICICLETA DE MONTA\u00d1A?<\/h2>\n\n<p class=\"text-box\">Viajar con tu coche es una experiencia inolvidable. Puedes leer todo lo que quieras en nuestra web. <a href=\"https:\/\/www.basquemtb.com\/es\/viajar-con-tu-bicicleta-de-montana\/\">Reizen met je mountainbike<\/a>.   <\/p>\n\n<p class=\"text-box\">Tambi\u00e9n puede <a class=\"rank-math-link\" href=\"https:\/\/www.basquemtb.com\/es\/que-incluye\/alquiler-de-bicicletas-de-montana\/\">bicicletas de monta\u00f1a de alta calidad.<\/a><\/p>\n\n<div class=\"spacer\"><\/div>\n\n<h2 class=\"wp-block-heading\">SPANJE ALLEEN BEZOEKEN?<\/h2>\n\n<p class=\"text-box\">Todos nuestros premios se conceden a dos personas que compartan una habitaci\u00f3n. Je kunt als alleenstaande boeken, maar we streven ernaar om twee alleenstaanden van hetzelfde geslacht in dezelfde kamer te plaatsen. Si no lo desea, le enviaremos un paquete de regalo. Si se aloja con un n\u00famero reducido de personas, le daremos la oportunidad de compartir una habitaci\u00f3n con otras personas.   <\/p>\n\n<div class=\"spacer\"><\/div>","protected":false},"excerpt":{"rendered":"<p>Reserva tus vacaciones de ciclismo de monta\u00f1a. No tenemos un sistema de reservas totalmente automatizado. \u00bfPor qu\u00e9? Porque con un sistema de reservas automatizado es imposible agrupar a las personas de forma adecuada. Y grupos del mismo nivel = \u00a1vacaciones geniales para todos! \u00bfC\u00f3mo reservar unas vacaciones de ciclismo de monta\u00f1a? PASO 1: Consulta los tipos de vacaciones de ciclismo de monta\u00f1a que [\u2026]<\/p>","protected":false},"author":1,"featured_media":0,"parent":0,"menu_order":20,"comment_status":"closed","ping_status":"closed","template":"","meta":{"_monsterinsights_skip_tracking":false,"_monsterinsights_sitenote_active":false,"_monsterinsights_sitenote_note":"","_monsterinsights_sitenote_category":0,"footnotes":""},"categories":[1917],"tags":[],"class_list":["post-45013","page","type-page","status-publish","hentry","category-baskischmtb"],"featured_image_src":null,"featured_image_src_square":null,"_links":{"self":[{"href":"https:\/\/www.basquemtb.com\/es\/wp-json\/wp\/v2\/pages\/45013","targetHints":{"allow":["GET"]}}],"collection":[{"href":"https:\/\/www.basquemtb.com\/es\/wp-json\/wp\/v2\/pages"}],"about":[{"href":"https:\/\/www.basquemtb.com\/es\/wp-json\/wp\/v2\/types\/page"}],"author":[{"embeddable":true,"href":"https:\/\/www.basquemtb.com\/es\/wp-json\/wp\/v2\/users\/1"}],"replies":[{"embeddable":true,"href":"https:\/\/www.basquemtb.com\/es\/wp-json\/wp\/v2\/comments?post=45013"}],"version-history":[{"count":0,"href":"https:\/\/www.basquemtb.com\/es\/wp-json\/wp\/v2\/pages\/45013\/revisions"}],"wp:attachment":[{"href":"https:\/\/www.basquemtb.com\/es\/wp-json\/wp\/v2\/media?parent=45013"}],"wp:term":[{"taxonomy":"category","embeddable":true,"href":"https:\/\/www.basquemtb.com\/es\/wp-json\/wp\/v2\/categories?post=45013"},{"taxonomy":"post_tag","embeddable":true,"href":"https:\/\/www.basquemtb.com\/es\/wp-json\/wp\/v2\/tags?post=45013"}],"curies":[{"name":"wp","href":"https:\/\/api.w.org\/{rel}","templated":true}]}}

<h2 class="wp-block-heading">Boek je mountain bike vakantie</h2>

<div class="highlight-box">
<p class="large-text text-box-wide">No tenemos ningún sistema de navegación totalmente automatizado.  <span class="accent-color">¿Por qué?</span>  Con un sistema de boletines de noticias automatizado, las personas pueden participar de la mejor manera posible en los grupos. En <span class="accent-color">grupos de un mismo nivel = ventajas para todos.</span> <br/></p>
</div>

<div class="spacer"></div>

<div class="text-box">
<h2 id="text-fullscreen"><strong>¿Cómo comprar una bicicleta de montaña?</strong></h2>
<p class="centrak"><strong>STAP 1: </strong>Leer más <a href="https://www.basquemtb.com/es/vacaciones-en-bicicleta-de-montana/">vakanties mountainbike</a> que le ofrecemos. Descubra   <a href="https://www.basquemtb.com/es/guia-de-aptitudes-y-forma-fisica-para-las-vacaciones-en-bicicleta-de-montana/"></a><a href="http://%7B%7B%7Bwpml_tag_13%7D%7D%7D%7B%7B%7Bwpml_tag_14%7D%7D%7D"></a><a href="https://www.basquemtb.com/es/guia-de-aptitudes-y-forma-fisica-para-las-vacaciones-en-bicicleta-de-montana/"></a>fitness- and vaardigheidsgids om te zien welke reis bij je past. Descubra <a href="https://www.basquemtb.com/es/nl/vakantie-boekingskalender/">vakantiekalender </a>als je al data hebt gepland voor je reis.   </p>
<div class="seperator"></div>
<p class="has-text-align-left text-fullscreen-list"><strong>STAP 2: </strong>Als je wilt praten over een reis, <a href="https://www.basquemtb.com/es/que-incluye/ponerse-en-contacto/">neem</a> dan <a href="https://www.basquemtb.com/es/que-incluye/ponerse-en-contacto/">Contacte con nosotros</a>. Nos esforzamos por ofrecerle la mejor experiencia posible. </p>
<div class="seperator"></div>
<p class="has-text-align-left text-fullscreen-list"><strong>STAP 3</strong>: Si es usted residente, registre su interés en recibir un regalo a través del formulario de inscripción. <a href="https://www.basquemtb.com/es/nl/vakantie-boekingsformulier/">vakantieboekingsformulier</a>. Dat bevat alle je informatie en wij zullen de beschikbaarheid bevestigen.   </p>
<div class="seperator"></div>
<p class="has-text-align-left text-fullscreen-list"><strong>STAP 4:</strong> Si has reservado una plaza, envíanos toda tu información y solicita la 25%.  </p>
<div class="seperator"></div>
<p class="has-text-align-left text-fullscreen-list"><strong>STAP 5:</strong> We sturen je een ontvangstbewijs van de volledige boekingsbevestiging. Daarmee ben je volgeboekt.   </p>
<div class="seperator"></div>
<p class="has-text-align-left text-fullscreen-list"><strong>STAP 6</strong>: Zes weken voor je reis betaal je het saldo.  </p>
<div class="seperator"></div>
<p class="text-box">De volledige <a class="rank-math-link" href="https://www.basquemtb.com/es/condiciones-generales/">voorwaarden</a> están disponibles aquí.  </p>
</div>
<div class="spacer"></div>

<div class="highlight-box">
<p class="large-text text-box">Kies een reis die bij je past. Más de <span class="accent-color">60%</span> de nuestros gastos <span class="accent-color">terugkerende bezoekers</span>Y si no sabe en qué lugar se encuentra, no se preocupe, ¡seguro que vuelve una y otra vez! <br/></p>
</div>

<div class="spacer"></div>

<h2 class="wp-block-heading">¿EN BICICLETA DE MONTAÑA?</h2>

<p class="text-box">Viajar con tu coche es una experiencia inolvidable. Puedes leer todo lo que quieras en nuestra web. <a href="https://www.basquemtb.com/es/viajar-con-tu-bicicleta-de-montana/">Reizen met je mountainbike</a>.   </p>

<p class="text-box">También puede <a class="rank-math-link" href="https://www.basquemtb.com/es/que-incluye/alquiler-de-bicicletas-de-montana/">bicicletas de montaña de alta calidad.</a></p>

<div class="spacer"></div>

<h2 class="wp-block-heading">SPANJE ALLEEN BEZOEKEN?</h2>

<p class="text-box">Todos nuestros premios se conceden a dos personas que compartan una habitación. Je kunt als alleenstaande boeken, maar we streven ernaar om twee alleenstaanden van hetzelfde geslacht in dezelfde kamer te plaatsen. Si no lo desea, le enviaremos un paquete de regalo. Si se aloja con un número reducido de personas, le daremos la oportunidad de compartir una habitación con otras personas.   </p>

<div class="spacer"></div>

<p>Reserva tus vacaciones de ciclismo de montaña. No tenemos un sistema de reservas totalmente automatizado. ¿Por qué? Porque con un sistema de reservas automatizado es imposible agrupar a las personas de forma adecuada. Y grupos del mismo nivel = ¡vacaciones geniales para todos! ¿Cómo reservar unas vacaciones de ciclismo de montaña? PASO 1: Consulta los tipos de vacaciones de ciclismo de montaña que […]</p>
